{"id":524,"date":"2025-10-20T21:35:31","date_gmt":"2025-10-20T19:35:31","guid":{"rendered":"https:\/\/ailesdesd\u00e9s.fr\/?page_id=524"},"modified":"2025-10-21T12:00:22","modified_gmt":"2025-10-21T10:00:22","slug":"faq","status":"publish","type":"page","link":"https:\/\/ailesdesd\u00e9s.fr\/?page_id=524","title":{"rendered":"FAQ"},"content":{"rendered":"\n<h1 class=\"wp-block-heading has-large-font-size\"><strong>Foire aux questions<\/strong><\/h1>\n\n\n\n<p>Tu veux te lancer dans le jeu de r\u00f4le, mais tu te poses encore des questions ? Ailes des d\u00e9s te r\u00e9pond ! Que tu sois d\u00e9butant ou aventurier exp\u00e9riment\u00e9, tout est fait pour que tu t\u2019amuses sans stress.<\/p>\n\n\n\n<h2 class=\"wp-block-heading has-medium-font-size\"><strong>Est-ce que les r\u00e8gles sont compliqu\u00e9es ?<\/strong><\/h2>\n\n\n\n<p>Non, Ailes des d\u00e9s utilise un syst\u00e8me sp\u00e9cialement con\u00e7u pour les d\u00e9butants. Pour les joueurs confirm\u00e9s, des r\u00e8gles plus cors\u00e9es sont disponibles !<\/p>\n\n\n\n<h2 class=\"wp-block-heading has-medium-font-size\"><strong>Faut-il conna\u00eetre un univers particulier pour jouer ?<\/strong><\/h2>\n\n\n\n<p>Pas du tout ! Ailes des d\u00e9s propose des sc\u00e9narios originaux, accessibles \u00e0 tous, avec des univers qui s&rsquo;\u00e9toffent au fur et \u00e0 mesure de la narration.<\/p>\n\n\n\n<h2 class=\"wp-block-heading has-medium-font-size\"><strong>Est-ce qu&rsquo;il faut faire du th\u00e9\u00e2tre ou de l&rsquo;improvisation pour s&rsquo;amuser en jeu de r\u00f4le ?<\/strong><\/h2>\n\n\n\n<p>Pas du tout ! Que l&rsquo;on soit th\u00e9\u00e2tral ou timide, l&rsquo;important c&rsquo;est de s&rsquo;amuser tous ensemble. Le ma\u00eetre du jeu d\u2019Ailes des d\u00e9s veille \u00e0 ce que chacun puisse briller \u00e0 sa fa\u00e7on.<\/p>\n\n\n\n<h2 class=\"wp-block-heading has-medium-font-size\"><strong>Combien de temps dure une s\u00e9ance de jeu de r\u00f4le ?<\/strong><\/h2>\n\n\n\n<p>Une heure pour une initiation, deux heures pour un One-Shot. Avec Ailes des d\u00e9s, termin\u00e9 les sc\u00e9narios \u00e0 rallonge, on se concentre sur l&rsquo;action !<\/p>\n\n\n\n<h2 class=\"wp-block-heading has-medium-font-size\"><strong>Est-ce que j&rsquo;ai besoin de mat\u00e9riel sp\u00e9cifique pour jouer au jeu de r\u00f4le ?<\/strong><\/h2>\n\n\n\n<p>Non, un crayon, une feuille et un brin d&rsquo;imagination pourraient suffire ! En plus, en choisissant Ailes des d\u00e9s tout le mat\u00e9riel pour une immersion r\u00e9ussie est fourni.<\/p>\n\n\n\n<h2 class=\"wp-block-heading has-medium-font-size\"><strong>Est-ce que je peux venir seul(e) ?<\/strong><\/h2>\n\n\n\n<p>Pour le moment, Ailes des d\u00e9s ne propose pas de r\u00e9servation individuelle. Mais si les demandes solitaires sont nombreuses, un groupe d\u00e9di\u00e9 pourrait voir le jour !<\/p>\n\n\n\n<h2 class=\"wp-block-heading has-medium-font-size\"><strong>Est-ce que les sc\u00e9narios ont une suite ?<\/strong><\/h2>\n\n\n\n<p>\u00c9videmment ! Tous les sc\u00e9narios d&rsquo;initiation ont une suite ! Et certains One-Shot \u00e9galement !<\/p>\n\n\n\n<h2 class=\"wp-block-heading has-medium-font-size\"><strong>Comment r\u00e9server une s\u00e9ance avec Ailes des d\u00e9s ?<\/strong><\/h2>\n\n\n\n<p>C\u2019est simple ! Il te suffit de choisir ta s\u00e9ance sur la page <strong><a href=\"https:\/\/ailesdesd\u00e9s.fr\/?page_id=21\" data-type=\"page\" data-id=\"21\">Initiation<\/a> <\/strong>ou <strong><a href=\"https:\/\/ailesdesd\u00e9s.fr\/?page_id=404\" data-type=\"page\" data-id=\"404\">One-Shot<\/a><\/strong> ou de contacter directement Ailes des d\u00e9s via le <a href=\"https:\/\/ailesdesd\u00e9s.fr\/?page_id=23\" data-type=\"page\" data-id=\"23\"><strong>formulaire de contact<\/strong><\/a>. Tu recevras une confirmation rapide pour embarquer dans l\u2019aventure !<\/p>\n","protected":false},"excerpt":{"rendered":"<p>Foire aux questions Tu veux te lancer dans le jeu de r\u00f4le, mais tu te poses encore des questions ? Ailes des d\u00e9s te r\u00e9pond ! Que tu sois d\u00e9butant ou aventurier exp\u00e9riment\u00e9, tout est fait pour que tu t\u2019amuses sans stress. Est-ce que les r\u00e8gles sont compliqu\u00e9es ? Non, Ailes des d\u00e9s utilise un [&hellip;]<\/p>\n","protected":false},"author":1,"featured_media":0,"parent":0,"menu_order":0,"comment_status":"closed","ping_status":"closed","template":"","meta":{"footnotes":""},"class_list":["post-524","page","type-page","status-publish","hentry"],"_links":{"self":[{"href":"https:\/\/ailesdesd\u00e9s.fr\/index.php?rest_route=\/wp\/v2\/pages\/524","targetHints":{"allow":["GET"]}}],"collection":[{"href":"https:\/\/ailesdesd\u00e9s.fr\/index.php?rest_route=\/wp\/v2\/pages"}],"about":[{"href":"https:\/\/ailesdesd\u00e9s.fr\/index.php?rest_route=\/wp\/v2\/types\/page"}],"author":[{"embeddable":true,"href":"https:\/\/ailesdesd\u00e9s.fr\/index.php?rest_route=\/wp\/v2\/users\/1"}],"replies":[{"embeddable":true,"href":"https:\/\/ailesdesd\u00e9s.fr\/index.php?rest_route=%2Fwp%2Fv2%2Fcomments&post=524"}],"version-history":[{"count":4,"href":"https:\/\/ailesdesd\u00e9s.fr\/index.php?rest_route=\/wp\/v2\/pages\/524\/revisions"}],"predecessor-version":[{"id":531,"href":"https:\/\/ailesdesd\u00e9s.fr\/index.php?rest_route=\/wp\/v2\/pages\/524\/revisions\/531"}],"wp:attachment":[{"href":"https:\/\/ailesdesd\u00e9s.fr\/index.php?rest_route=%2Fwp%2Fv2%2Fmedia&parent=524"}],"curies":[{"name":"wp","href":"https:\/\/api.w.org\/{rel}","templated":true}]}}